{"id":61,"date":"2017-11-18T18:20:20","date_gmt":"2017-11-18T18:20:20","guid":{"rendered":"http:\/\/leinwandmieten.at\/?page_id=61"},"modified":"2019-10-22T10:16:32","modified_gmt":"2019-10-22T10:16:32","slug":"3-000-ansi-verleih-wien","status":"publish","type":"page","link":"https:\/\/leinwandmieten.at\/?page_id=61","title":{"rendered":"3.300 ANSI Lumen HD"},"content":{"rendered":"<h1>Officebeamer Verleih in Wien. Mieten Sie 3.300 ANSI Lumen und HD Aufl\u00f6sung!<\/h1>\n<p>Beamer Verleih in Wien! Mit diesem Christie DS305 mieten Sien einen einfachen HD Beamer f\u00fcr gro\u00dfe Bilder im kleinen Rahmen. Trotz kompakter Abmessungen bietet dieses Ger\u00e4t professionelle Funktionen wie das optische Lens-Shift. Die Lichtleistung von 3.300 ANSI Lumen reicht f\u00fcr Leinw\u00e4nde mit bis zu 4 Metern Bilddiagonale.<\/p>\n<figure id=\"attachment_103\" aria-describedby=\"caption-attachment-103\" style=\"width: 300px\" class=\"wp-caption alignnone\"><img loading=\"lazy\" decoding=\"async\" class=\"wp-image-103 size-full\" src=\"https:\/\/leinwandmieten.at\/wp-content\/uploads\/2017\/11\/Christie-DS305-Digital-Projector-Main1-300x205.png\" alt=\"\" width=\"300\" height=\"205\" \/><figcaption id=\"caption-attachment-103\" class=\"wp-caption-text\">Christie DS305 Beamer in Wien. HD Beamer mit 3.300 ANSI Lumen!<\/figcaption><\/figure>\n<p>Der Christie DS305 Projektor findet Anschluss an alle g\u00e4ngigen Signalquellen. \u00dcber die digitalen und analogen Eing\u00e4nge kann das Ger\u00e4t mit unterschiedlichen Video- oder Computerquellen verbunden werden.<\/p>\n<p>Passende Leinwand dazu? <a href=\"https:\/\/leinwandmieten.at\/?page_id=38\" target=\"_blank\" rel=\"noopener noreferrer\">Leinwand 2,80 x 2,10 Meter Aufprojektion<\/a>, <a href=\"https:\/\/leinwandmieten.at\/?page_id=83\" target=\"_blank\" rel=\"noopener noreferrer\">Leinwand 2,80 x 2,10 Meter R\u00fcckprojektion<\/a>. Weiteres Zubeh\u00f6r im Bereich <a href=\"https:\/\/leinwandmieten.at\/?page_id=22\" target=\"_blank\" rel=\"noopener noreferrer\">AV-Technik \/ Zubeh\u00f6r.<\/a><\/p>\n<p>Ger\u00e4tebezeichnung: CHRISTIE DS305<\/p>\n<p>Tagesmietpreis: 48,00 Euro<\/p>\n","protected":false},"excerpt":{"rendered":"<p>Officebeamer Verleih in Wien. Mieten Sie 3.300 ANSI Lumen und HD Aufl\u00f6sung! Beamer Verleih in Wien! Mit diesem Christie DS305 mieten Sien einen einfachen HD Beamer f\u00fcr gro\u00dfe Bilder im kleinen Rahmen. Trotz kompakter Abmessungen bietet dieses Ger\u00e4t professionelle Funktionen wie das optische Lens-Shift. Die Lichtleistung von 3.300 ANSI Lumen reicht f\u00fcr Leinw\u00e4nde mit bis &hellip; <\/p>\n<p class=\"link-more\"><a href=\"https:\/\/leinwandmieten.at\/?page_id=61\" class=\"more-link\"><span class=\"screen-reader-text\">\u201e3.300 ANSI Lumen HD\u201c<\/span> weiterlesen<\/a><\/p>\n","protected":false},"author":1,"featured_media":0,"parent":0,"menu_order":0,"comment_status":"closed","ping_status":"closed","template":"","meta":{"_exactmetrics_skip_tracking":false,"_exactmetrics_sitenote_active":false,"_exactmetrics_sitenote_note":"","_exactmetrics_sitenote_category":0,"footnotes":""},"class_list":["post-61","page","type-page","status-publish","hentry"],"aioseo_notices":[],"_links":{"self":[{"href":"https:\/\/leinwandmieten.at\/index.php?rest_route=\/wp\/v2\/pages\/61","targetHints":{"allow":["GET"]}}],"collection":[{"href":"https:\/\/leinwandmieten.at\/index.php?rest_route=\/wp\/v2\/pages"}],"about":[{"href":"https:\/\/leinwandmieten.at\/index.php?rest_route=\/wp\/v2\/types\/page"}],"author":[{"embeddable":true,"href":"https:\/\/leinwandmieten.at\/index.php?rest_route=\/wp\/v2\/users\/1"}],"replies":[{"embeddable":true,"href":"https:\/\/leinwandmieten.at\/index.php?rest_route=%2Fwp%2Fv2%2Fcomments&post=61"}],"version-history":[{"count":6,"href":"https:\/\/leinwandmieten.at\/index.php?rest_route=\/wp\/v2\/pages\/61\/revisions"}],"predecessor-version":[{"id":347,"href":"https:\/\/leinwandmieten.at\/index.php?rest_route=\/wp\/v2\/pages\/61\/revisions\/347"}],"wp:attachment":[{"href":"https:\/\/leinwandmieten.at\/index.php?rest_route=%2Fwp%2Fv2%2Fmedia&parent=61"}],"curies":[{"name":"wp","href":"https:\/\/api.w.org\/{rel}","templated":true}]}}