{"id":60,"date":"2017-11-18T18:20:20","date_gmt":"2017-11-18T18:20:20","guid":{"rendered":"http:\/\/leinwandmieten.at\/?page_id=60"},"modified":"2019-10-22T16:16:37","modified_gmt":"2019-10-22T16:16:37","slug":"6-500-ansi-hd-beamer-verleih-wien","status":"publish","type":"page","link":"https:\/\/leinwandmieten.at\/?page_id=60","title":{"rendered":"6.500 ANSI Lumen HD"},"content":{"rendered":"<h1>6.500 ANSI HD Beamer Verleih Wien. Gro\u00dfe, klare Bilder!<\/h1>\n<p>Beamer Verleih Wien. Mit 6.500 ANSI Lumen erzielen Sie bei Veranstaltungen in Wien \u00fcberlebensgro\u00dfe Bilder! Durch die HD Aufl\u00f6sung unseres ProjectionDesign F30 Beamers projizieren Sie hell und gestochen scharf.<\/p>\n<figure id=\"attachment_106\" aria-describedby=\"caption-attachment-106\" style=\"width: 525px\" class=\"wp-caption alignnone\"><img loading=\"lazy\" decoding=\"async\" class=\"wp-image-106 size-large\" src=\"https:\/\/leinwandmieten.at\/wp-content\/uploads\/2017\/11\/ProjectionDesignF30-1024x614.jpg\" alt=\"\" width=\"525\" height=\"315\" srcset=\"https:\/\/leinwandmieten.at\/wp-content\/uploads\/2017\/11\/ProjectionDesignF30-1024x614.jpg 1024w, https:\/\/leinwandmieten.at\/wp-content\/uploads\/2017\/11\/ProjectionDesignF30-300x180.jpg 300w, https:\/\/leinwandmieten.at\/wp-content\/uploads\/2017\/11\/ProjectionDesignF30-768x461.jpg 768w, https:\/\/leinwandmieten.at\/wp-content\/uploads\/2017\/11\/ProjectionDesignF30-2000x1200.jpg 2000w\" sizes=\"auto, (max-width: 525px) 100vw, 525px\" \/><figcaption id=\"caption-attachment-106\" class=\"wp-caption-text\">ProjectionDesign F30 in Wien: HD Beamer mit starken 6.500 ANSI!<\/figcaption><\/figure>\n<p>Durch die M\u00f6glichkeit, unterschiedliche Objektive zu verwenden, kann der ProjectionDesign F30 an unterschiedliche \u00f6rtliche Gegebenheiten angepasst werden. Das vielf\u00e4ltige Anschlusspanel erm\u00f6glicht die Verbindung zu g\u00e4ngigen digitalen und analogen Signalquellen. Egal, ob Video, PC oder Mac!<\/p>\n<p>Dieses Ger\u00e4t eignet sich durch seine Laufruhe optimal f\u00fcr Meetings und Konferenzen, bei denen das gute Bild entscheidend f\u00fcr den Erfolg ist.<\/p>\n<p>Passende Leinwand dazu?&nbsp;<a href=\"https:\/\/leinwandmieten.at\/?page_id=37\" target=\"_blank\" rel=\"noopener noreferrer\">Leinwand 4 x 2,34 Meter Aufprojektion<\/a>, <a href=\"https:\/\/leinwandmieten.at\/?page_id=48\" target=\"_blank\" rel=\"noopener noreferrer\">Leinwand 4 x 2,34 Meter R\u00fcckprojektion,<\/a> <a href=\"https:\/\/leinwandmieten.at\/?page_id=38\" target=\"_blank\" rel=\"noopener noreferrer\">Leinwand 2,80 x 2,10 Meter Aufprojektion<\/a>, <a href=\"https:\/\/leinwandmieten.at\/?page_id=83\" target=\"_blank\" rel=\"noopener noreferrer\">Leinwand 2,80 x 2,10 Meter R\u00fcckprojektion<\/a>. Weiteres Zubeh\u00f6r im Bereich <a href=\"https:\/\/leinwandmieten.at\/?page_id=22\" target=\"_blank\" rel=\"noopener noreferrer\">AV-Technik \/ Zubeh\u00f6r.<\/a><\/p>\n<p>Ger\u00e4tebezeichnung: PROJECTIONDESIGN F30<\/p>\n<p>Tagesmietpreis: 293,00 Euro<\/p>\n<p><a href=\"http:\/\/beamermieten.at\/kontakt-impressum\/\" target=\"_blank\" rel=\"noopener noreferrer\"><em><strong>Kontaktieren Sie uns!<\/strong><\/em><\/a><\/p>\n","protected":false},"excerpt":{"rendered":"<p>6.500 ANSI HD Beamer Verleih Wien. Gro\u00dfe, klare Bilder! Beamer Verleih Wien. Mit 6.500 ANSI Lumen erzielen Sie bei Veranstaltungen in Wien \u00fcberlebensgro\u00dfe Bilder! Durch die HD Aufl\u00f6sung unseres ProjectionDesign F30 Beamers projizieren Sie hell und gestochen scharf. Durch die M\u00f6glichkeit, unterschiedliche Objektive zu verwenden, kann der ProjectionDesign F30 an unterschiedliche \u00f6rtliche Gegebenheiten angepasst werden. &hellip; <\/p>\n<p class=\"link-more\"><a href=\"https:\/\/leinwandmieten.at\/?page_id=60\" class=\"more-link\"><span class=\"screen-reader-text\">\u201e6.500 ANSI Lumen HD\u201c<\/span> weiterlesen<\/a><\/p>\n","protected":false},"author":1,"featured_media":0,"parent":0,"menu_order":0,"comment_status":"closed","ping_status":"closed","template":"","meta":{"_exactmetrics_skip_tracking":false,"_exactmetrics_sitenote_active":false,"_exactmetrics_sitenote_note":"","_exactmetrics_sitenote_category":0,"footnotes":""},"class_list":["post-60","page","type-page","status-publish","hentry"],"aioseo_notices":[],"_links":{"self":[{"href":"https:\/\/leinwandmieten.at\/index.php?rest_route=\/wp\/v2\/pages\/60","targetHints":{"allow":["GET"]}}],"collection":[{"href":"https:\/\/leinwandmieten.at\/index.php?rest_route=\/wp\/v2\/pages"}],"about":[{"href":"https:\/\/leinwandmieten.at\/index.php?rest_route=\/wp\/v2\/types\/page"}],"author":[{"embeddable":true,"href":"https:\/\/leinwandmieten.at\/index.php?rest_route=\/wp\/v2\/users\/1"}],"replies":[{"embeddable":true,"href":"https:\/\/leinwandmieten.at\/index.php?rest_route=%2Fwp%2Fv2%2Fcomments&post=60"}],"version-history":[{"count":7,"href":"https:\/\/leinwandmieten.at\/index.php?rest_route=\/wp\/v2\/pages\/60\/revisions"}],"predecessor-version":[{"id":396,"href":"https:\/\/leinwandmieten.at\/index.php?rest_route=\/wp\/v2\/pages\/60\/revisions\/396"}],"wp:attachment":[{"href":"https:\/\/leinwandmieten.at\/index.php?rest_route=%2Fwp%2Fv2%2Fmedia&parent=60"}],"curies":[{"name":"wp","href":"https:\/\/api.w.org\/{rel}","templated":true}]}}