{"id":58,"date":"2017-11-18T18:20:19","date_gmt":"2017-11-18T18:20:19","guid":{"rendered":"http:\/\/leinwandmieten.at\/?page_id=58"},"modified":"2020-07-08T11:03:34","modified_gmt":"2020-07-08T11:03:34","slug":"8-500-ansi-full-hd-beamer-verleih-wien","status":"publish","type":"page","link":"https:\/\/leinwandmieten.at\/?page_id=58","title":{"rendered":"8500 ANSI Lumen FullHD"},"content":{"rendered":"<h1>8.500 ANSI Lumen in Wien. Full HD Beamerverleih.<\/h1>\n<p>Der ProjectionDesign F80WUXGA aus unserem Verleih in Wien ist ein kompaktes Multitalent. Das Ger\u00e4t bietet trotz tragbarer Abmessungen starke 8.500 ANSI Lumen und eine WUXGA Aufl\u00f6sung. Mit echten 1920 * 1200 Bildpunkten ist dies sogar noch mehr, als der Full HD Standard festlegt. Mieten Sie ein brilliantes Kraftpaket!<\/p>\n<figure id=\"attachment_97\" aria-describedby=\"caption-attachment-97\" style=\"width: 525px\" class=\"wp-caption alignnone\"><img loading=\"lazy\" decoding=\"async\" class=\"size-large wp-image-97\" src=\"https:\/\/leinwandmieten.at\/wp-content\/uploads\/2017\/11\/projectiondesignf82-4-1024x793.jpg\" alt=\"\" width=\"525\" height=\"407\" srcset=\"https:\/\/leinwandmieten.at\/wp-content\/uploads\/2017\/11\/projectiondesignf82-4-1024x793.jpg 1024w, https:\/\/leinwandmieten.at\/wp-content\/uploads\/2017\/11\/projectiondesignf82-4-300x232.jpg 300w, https:\/\/leinwandmieten.at\/wp-content\/uploads\/2017\/11\/projectiondesignf82-4-768x595.jpg 768w\" sizes=\"auto, (max-width: 525px) 100vw, 525px\" \/><figcaption id=\"caption-attachment-97\" class=\"wp-caption-text\">ProjectionDesign F80 &#8211; Hochleistungsbeamer bei leinwandmieten.at<\/figcaption><\/figure>\n<p>Mit diesem Projektor, den Sie direkt bei uns in Wien ausleihen k\u00f6nnen, stehen Sie im guten Licht. Bilddiagonalen bis zu 6 Metern sind mit diesem Full HD Ger\u00e4t erzielbar. Je nach \u00f6rtlicher Lichtsituation projizieren Sie auch noch wesentlich gr\u00f6\u00dfere Bilder.<\/p>\n<h1>Beamer mieten: Beste Bildqualit\u00e4t und flexible Anschl\u00fcsse.<\/h1>\n<p>Der ProjectionDesign F80WUXGA greift auf die 3 Chip DLP Technologie zur\u00fcck. Dabei erzeugen drei einzelne Bild-Chips das finale Bild. Durch die Trennung der Grundfarben erzeugt dieses Ger\u00e4t absolut lebensechte Bilder in \u00fcberdimensionaler Gr\u00f6\u00dfe. F\u00fcr jede Farbe (rot, gr\u00fcn, blau) steht ein eigener DLP Chip zur Verf\u00fcgung.<\/p>\n<figure id=\"attachment_96\" aria-describedby=\"caption-attachment-96\" style=\"width: 525px\" class=\"wp-caption alignnone\"><img loading=\"lazy\" decoding=\"async\" class=\"wp-image-96 size-large\" src=\"https:\/\/leinwandmieten.at\/wp-content\/uploads\/2017\/11\/PD80b-1024x642.jpg\" alt=\"\" width=\"525\" height=\"329\" srcset=\"https:\/\/leinwandmieten.at\/wp-content\/uploads\/2017\/11\/PD80b-1024x642.jpg 1024w, https:\/\/leinwandmieten.at\/wp-content\/uploads\/2017\/11\/PD80b-300x188.jpg 300w, https:\/\/leinwandmieten.at\/wp-content\/uploads\/2017\/11\/PD80b-768x481.jpg 768w\" sizes=\"auto, (max-width: 525px) 100vw, 525px\" \/><figcaption id=\"caption-attachment-96\" class=\"wp-caption-text\">ProjectionDesign F80. 8.500 ANSI Lumen, FullHD und Wechselobjektiv.<\/figcaption><\/figure>\n<p>Die Verbindung zur Au\u00dfenwelt stellen Sie \u00fcber HDMI, DVI, VGA oder Video her. Dar\u00fcber hinaus stehen Netzwerk- und Controlports zur Steuerung zur Verf\u00fcgung.<\/p>\n<p>Passende Leinwand dazu?\u00a0<a href=\"https:\/\/leinwandmieten.at\/?page_id=37\" target=\"_blank\" rel=\"noopener noreferrer\">Leinwand 4 x 2,344 Meter Aufprojektion<\/a>, <a href=\"https:\/\/leinwandmieten.at\/?page_id=48\" target=\"_blank\" rel=\"noopener noreferrer\">Leinwand 4 x 2,34 Meter R\u00fcckprojektion,<\/a> Leinwand 365 x 210 Aufprojektion, <a href=\"_wp_link_placeholder\" data-wplink-edit=\"true\">Leinwand 365 x 210 R\u00fcckprojektion<\/a>, <a href=\"https:\/\/leinwandmieten.at\/?page_id=38\" target=\"_blank\" rel=\"noopener noreferrer\">Leinwand 2,80 x 2,10 Meter Aufprojektion<\/a>, <a href=\"https:\/\/leinwandmieten.at\/?page_id=83\" target=\"_blank\" rel=\"noopener noreferrer\">Leinwand 2,80 x 2,10 Meter R\u00fcckprojektion<\/a>. Weiteres Zubeh\u00f6r im Bereich <a href=\"https:\/\/leinwandmieten.at\/?page_id=22\" target=\"_blank\" rel=\"noopener noreferrer\">AV-Technik \/ Zubeh\u00f6r.<\/a><\/p>\n<p>Ger\u00e4tebezeichnung: PROJECTIONDESIGN F80<\/p>\n<p>Objektive nach Bedarf.<\/p>\n<p><em>Tagesmietpreis: 466,00 Euro<\/em><\/p>\n<p><strong><em><a href=\"http:\/\/beamermieten.at\/kontakt-impressum\/\" target=\"_blank\" rel=\"noopener noreferrer\">Kontaktieren Sie uns<\/a>!<\/em><\/strong><\/p>\n","protected":false},"excerpt":{"rendered":"<p>8.500 ANSI Lumen in Wien. Full HD Beamerverleih. Der ProjectionDesign F80WUXGA aus unserem Verleih in Wien ist ein kompaktes Multitalent. Das Ger\u00e4t bietet trotz tragbarer Abmessungen starke 8.500 ANSI Lumen und eine WUXGA Aufl\u00f6sung. Mit echten 1920 * 1200 Bildpunkten ist dies sogar noch mehr, als der Full HD Standard festlegt. Mieten Sie ein brilliantes &hellip; <\/p>\n<p class=\"link-more\"><a href=\"https:\/\/leinwandmieten.at\/?page_id=58\" class=\"more-link\"><span class=\"screen-reader-text\">\u201e8500 ANSI Lumen FullHD\u201c<\/span> weiterlesen<\/a><\/p>\n","protected":false},"author":1,"featured_media":0,"parent":0,"menu_order":0,"comment_status":"closed","ping_status":"closed","template":"","meta":{"_exactmetrics_skip_tracking":false,"_exactmetrics_sitenote_active":false,"_exactmetrics_sitenote_note":"","_exactmetrics_sitenote_category":0,"footnotes":""},"class_list":["post-58","page","type-page","status-publish","hentry"],"aioseo_notices":[],"_links":{"self":[{"href":"https:\/\/leinwandmieten.at\/index.php?rest_route=\/wp\/v2\/pages\/58","targetHints":{"allow":["GET"]}}],"collection":[{"href":"https:\/\/leinwandmieten.at\/index.php?rest_route=\/wp\/v2\/pages"}],"about":[{"href":"https:\/\/leinwandmieten.at\/index.php?rest_route=\/wp\/v2\/types\/page"}],"author":[{"embeddable":true,"href":"https:\/\/leinwandmieten.at\/index.php?rest_route=\/wp\/v2\/users\/1"}],"replies":[{"embeddable":true,"href":"https:\/\/leinwandmieten.at\/index.php?rest_route=%2Fwp%2Fv2%2Fcomments&post=58"}],"version-history":[{"count":8,"href":"https:\/\/leinwandmieten.at\/index.php?rest_route=\/wp\/v2\/pages\/58\/revisions"}],"predecessor-version":[{"id":461,"href":"https:\/\/leinwandmieten.at\/index.php?rest_route=\/wp\/v2\/pages\/58\/revisions\/461"}],"wp:attachment":[{"href":"https:\/\/leinwandmieten.at\/index.php?rest_route=%2Fwp%2Fv2%2Fmedia&parent=58"}],"curies":[{"name":"wp","href":"https:\/\/api.w.org\/{rel}","templated":true}]}}