{"id":452,"date":"2020-07-08T06:12:18","date_gmt":"2020-07-08T06:12:18","guid":{"rendered":"http:\/\/leinwandmieten.at\/?page_id=452"},"modified":"2020-07-08T11:09:40","modified_gmt":"2020-07-08T11:09:40","slug":"aufblasbare-leinwand","status":"publish","type":"page","link":"https:\/\/leinwandmieten.at\/?page_id=452","title":{"rendered":"Aufblasbare Leinwand"},"content":{"rendered":"\n<h2 class=\"wp-block-heading\">Miete in Wien. Verleih &#8211; Aufblasbare Leinwand.<\/h2>\n\n\n\n<p>Wenn eine fixe Leinwand keine Option ist, mieten Sie eine aufblasbare Leinwand aus unserem Verleih in Wien. In wenigen Augenblicken aufgebaut, bietet diese aufblasbare Leinwand aus unserem Verleih in Wien (bei Bedarf in St. P\u00f6lten) eine ungeahnte Flexibilit\u00e4t.<\/p>\n\n\n\n<figure class=\"wp-block-image\"><img decoding=\"async\" src=\"http:\/\/djsetverleih.at\/wp-content\/uploads\/2020\/07\/AufblasbareLeinwand-1024x672.jpg\" alt=\"\" class=\"wp-image-443\"\/><figcaption>Aufblasbare Leinwand: In wenigen Augenblicken kann das Sommerkino auf der Wiese beginnen.<\/figcaption><\/figure>\n\n\n\n<h2 class=\"wp-block-heading\">Mieten Sie  eine aufblasbare Leinwand f\u00fcr Open Air Veranstaltungen wie beispielsweise Sommerkinos! In Wien und in St. P\u00f6lten.<\/h2>\n\n\n\n<p>Hier mieten Sie eine Leinwand, die auch im Freien und bei unterschiedlichen Wettersituationen eine vern\u00fcnftige Wahl darstellt. Eine aufblasbare Leinwand bietet Flexibilit\u00e4t und Sicherheit: Selbst im Falle eines Missgeschicks durch Unwetter k\u00f6nnen weitere Folgen bestm\u00f6glich unter Kontrolle gehalten werden: Es fliegen keine harten Gegenst\u00e4nde durch die Luft. Eine fachgerechte entsprechende Montage samt Verankerung der aufblasbaren Leinwand aus unserem Verleih in Wien oder St. P\u00f6lten ist dennoch zu beachten &#8211; F\u00fcr Ihr gelungenes Event.<\/p>\n\n\n\n<h2 class=\"wp-block-heading\">Verleih im Zentrum der Stadt: Aufblasbare Leinwand.  Auch in St. P\u00f6lten.<\/h2>\n\n\n\n<p>Die aufblasbare Leinwand aus unserem Verleih in Wien und St. P\u00f6lten ist mit einer Gr\u00f6\u00dfe von 310 * 174 Zentimetern ausreichend gro\u00df auch f\u00fcr gr\u00f6\u00dfere Public Viewings. So erzielen Sie Kinofeeling auf der Wiese. Das Aufstellen der aufblasbaren Leinwand aus unserem Verleih in Wien oder St. P\u00f6lten geht rasant schnell: Innerhalb weniger Augenblicke ist Ihr Open-Air Sommerkino bereit. Daf\u00fcr sorgt das im Lieferumfang der aufblasbaren Leinwand aus unserem Verleih in Wien und St. P\u00f6lten enthaltene elektrische Gebl\u00e4se. <\/p>\n\n\n\n<h2 class=\"wp-block-heading\">Verleih \u2013 Aufblasbare Leinwand und Beamer in Wien mieten!<\/h2>\n\n\n\n<p>In Abh\u00e4ngigkeit der jeweiligen Lichtsituation kommen f\u00fcr die aufblasbare Leinwand unterschiedliche starke Beamer bzw. Projektoren infrage. In unserem Verleih in Wien und St. P\u00f6lten halten wir passende Beamer auf Lager. Von 2.500 ANSI Lumen bis 20.000 ANSI Lumen und FullHD Aufl\u00f6sung.<\/p>\n\n\n\n<p>Allgemein ist ein Projektionsstart jeweils zur Abendzeit m\u00f6glich. Je nach Monat des Jahres kann dies unterschiedlich sein. In den hellen und hei\u00dfen Monaten verschiebt sich die m\u00f6gliche Beginnzeit bis gegen 21 Uhr. Um allerdings nicht bis zur vollkommenen Dunkelheit warten zu m\u00fcssen, k\u00f6nnen Sie mitunter ein wenig nachhelfen. Mieten Sie einfach ein dementsprechend starkes Ger\u00e4t aus unserem Verleih in Wien oder auch St. P\u00f6lten.<\/p>\n\n\n\n<p>F\u00fcr n\u00e4chtliche Veranstaltungen und Open-Airs oder das geplante Sommerkino gen\u00fcgt meist der <a href=\"https:\/\/beamermieten.at\/4-000-ansi-lumen-wuxga\/\" title=\"4.000 ANSI Lumen WUXGA\" target=\"_blank\" rel=\"noreferrer noopener\">4.000-ANSI-Lumen FullHD Beamer aus unserem Verleih in Wien<\/a>. F\u00fcr eine besonders hohe Bildqualit\u00e4t kommt auch unser <a href=\"https:\/\/leinwandmieten.at\/?page_id=277\" title=\"5.000 ANSI Lumen WUXGA\" target=\"_blank\" rel=\"noreferrer noopener\">Canon Projektor mit nativer WUXGA-Aufl\u00f6sung und einer Lichtleistung von 5.000 ANSI Lumen<\/a> infrage? Bei Dunkelheit erzielen Sie damit jedenfalls besonders beeindruckend gute Ergebnisse. M\u00f6chten Sie bereits ein wenig vor Einbruch der Nacht loslegen, dann k\u00f6nnte die Verwendung des <a href=\"https:\/\/leinwandmieten.at\/wp-admin\/post.php?post=58&amp;action=edit\" target=\"_blank\" rel=\"noreferrer noopener\" title=\"Eventbeamer: 8500 ANSI, Full-HD\">8.500-ANSI-Lumen Beamers<\/a> oder auch eines <a href=\"https:\/\/leinwandmieten.at\/?page_id=276\" target=\"_blank\" rel=\"noreferrer noopener\" title=\"10.600 ANSI Lumen WUXGA\">10.600-ANSI-Lumen Ger\u00e4ts aus unserem Verleih eine gute Wahl sein<\/a>. Und wenn es wirklich massiv sein soll, dann bietet sich immer noch unser<a href=\"https:\/\/leinwandmieten.at\/?page_id=55\" target=\"_blank\" rel=\"noreferrer noopener\" title=\"20.000 ANSI Lumen FullHD\"> 20.000 ANSI Lumen FullHD Ger\u00e4t<\/a> an. F\u00fcr Filme, die nicht in einer nativen FullHD-Aufl\u00f6sung kommen, reicht vielleicht auch ein 6.000-ANSI Beamer?<br><\/p>\n\n\n\n<h2 class=\"wp-block-heading\">Mieten in Wien: Aufblasbare Leinwand, Beamer und Soundsystem!<\/h2>\n\n\n\n<p>Geh\u00f6rt zum guten Ton: Mieten Sie passend zur aufblasbaren Leinwand und Beamer auch ein Soundsystem. Direkt aus unserem Verleih in Wien und St. P\u00f6lten. Oftmals reicht ein einfaches Soundsystem aus unserem Verleih, bestehend aus zwei Aktivboxen. Wenn es etwas mehr sein soll, kann Ihr Soundsystem nat\u00fcrlich auch erg\u00e4nzt und erweitert werden. Dazu mieten Sie aus unserem Verleih in Wien (oder auch St. P\u00f6lten) ganz einfach das n\u00f6tige Equipment: Subwoofer f\u00fcr einen kr\u00e4ftigen Bass. Bei Bedarf l\u00e4sst sich Ihr Kino-Set aus der aufblasbaren Leinwand samt Beamer sogar mit echtem Surround-Sound ausstatten. <\/p>\n\n\n\n<h2 class=\"wp-block-heading\">Wie die aufblasbare Leinwand mieten? Ganz einfach -Verleih in Wien!<\/h2>\n\n\n\n<p>Mieten Sie bei uns in Wien die aufblasbare Leinwand f\u00fcr Ihre Veranstaltung und Events. Standard-Zubeh\u00f6r wie Kabel, Adapter und Stative sind nat\u00fcrlich immer inklusive!<\/p>\n\n\n\n<p>Ger\u00e4tebezeichnung: CLX-310<\/p>\n\n\n\n<p>Tagesmietpreis: 135,00 Euro<\/p>\n\n\n\n<p><\/p>\n\n\n\n<p>Eine aufblasbare Leinwand aus unserem Verleih in Wien hat enorme Vorteile. Hier mieten Sie eine Leinwand, die auch im Fall schwierigerer Wettersituationen eine gute Option darstellt.<\/p>\n\n\n\n<h2 class=\"wp-block-heading\">Verleih in Wien und St. P\u00f6lten: Die aufblasbare Leinwand!<\/h2>\n\n\n\n<p>Unsere aufblasbare Leinwand hat eine Gr\u00f6\u00dfe von gut 310 mal 174 Zentimetern. Mieten Sie Kinofeeling in Wien und St. P\u00f6lten. Mit dem selbst aufblasenden Rahmen steigt die Gr\u00f6\u00dfe der Leinwand auf gesamt etwas \u00fcber 4 Meter. Im Vergleich zu einem steifen Rahmen aus einer ansonsten \u00fcblichen Aluminiumkonstruktion punktet dieses System mit einer enormen Flexibilit\u00e4t. Innerhalb weniger Augenblicke steht Ihr Open-Air Sommerkino. Im Lieferumfang der aufblasbaren Leinwand aus unserem Verleih in Wien mieten Sie au\u00dferdem \u2013 alles inklusive \u2013 ein motorbetriebenes Gebl\u00e4se. So muss die Leinwand nicht von Hand aufgeblasen werden.<\/p>\n\n\n\n<h2 class=\"wp-block-heading\">Verleih \u2013 Aufblasbare Leinwand und Beamer direkt in Wien mieten!<\/h2>\n\n\n\n<p>Je nach Lichtsituation ben\u00f6tigen Sie f\u00fcr diese Leinwand unterschiedliche starke Beamer \/ Projektoren. Aus unserem Verleih in Wien und St. P\u00f6lten mieten Sie passende Beamer. Im Paket zu wirklich guten Konditionen.<\/p>\n\n\n\n<p>In den Sommermonaten ist ein Projektionsstart bei Einbruch der Dunkelheit m\u00f6glich. Je nach Jahreszeit und Monat kann dies etwas variieren. Um aber doch nicht bis zur vollkommenen Dunkelheit warten zu m\u00fcssen, mieten Sie einfach ein dementsprechend starkes Ger\u00e4t aus unserem Verleih in Wien oder auch St. P\u00f6lten.<\/p>\n\n\n\n<h2 class=\"wp-block-heading\">Mieten Sie eine aufblasbare Leinwand. Mit dem richtigen Beamer zum Open-Air-Kino!<\/h2>\n\n\n\n<p>F\u00fcr einfache Veranstaltungen und Open-Airs oder das geplante Sommerkino reicht oft schon ein 4.000-ANSI-Lumen FullHD Beamer aus unserem Verleih in Wien. Bei Dunkelheit erzielen Sie damit beeindruckend gute Ergebnisse. <a href=\"http:\/\/djsetverleih.at\/outdoor-beamer\/\" target=\"_blank\" rel=\"noreferrer noopener\">M\u00f6chten Sie bereits bei Einbruch der Dunkelheit starten, dann k\u00f6nnte die Miete eines 8.500-ANSI-Lumen Beamers oder auch eines 10.600-ANSI-Lumen Ger\u00e4ts aus unserem Verleih eine gute Wahl sein.<\/a> F\u00fcr \u00e4ltere Filme, die nicht in einer nativen FullHD-Aufl\u00f6sung kommen, reicht vielleicht auch der goldene Mittelweg mit einem 6.000-ANSI Beamer?<\/p>\n\n\n\n<h2 class=\"wp-block-heading\">Mieten Sie in Wien die aufblasbare Leinwand mit Beamer und Soundsystem!<\/h2>\n\n\n\n<p>Kein Film ohne Ton? Wenn Ihr Open-Air-Kino oder Sommerkino kein Stummfilm sein soll, dann planen Sie auch eine Beschallung?<a href=\"https:\/\/leinwandmieten.at\/?page_id=275\" target=\"_blank\" rel=\"noreferrer noopener\"> Mieten Sie zur aufblasbaren Leinwand und Beamer auch Soundsysteme aus unserem Verleih in Wien und St. P\u00f6lten passend dazu<\/a>. In vielen F\u00e4llen reicht ein einfaches Soundsystem aus unserem Verleih, bestehend aus zwei Aktivboxen. Wenn es etwas mehr sein soll, kann so eine Soundanlage auch erg\u00e4nzt und erweitert werden. Dazu mieten Sie aus unserem Verleih in Wien (oder auch St. P\u00f6lten) ganz einfach das n\u00f6tige Equipment: Subwoofer f\u00fcr ordentliches Bassfundament. Und bei Bedarf l\u00e4sst sich Ihr Set aus der aufblasbaren Leinwand samt Beamer sogar mit echtem Surround-Sound ausstatten. Dazu fragen Sie uns am Besten!<\/p>\n\n\n\n<h2 class=\"wp-block-heading\">Aufblasbare Leinwand mieten? Verleih in Wien \u2013 Ganz einfach!<\/h2>\n\n\n\n<p>Mieten Sie aus unserem Verleih in Wien eine aufblasbare Leinwand f\u00fcr Ihre Veranstaltung. Einfach und unkompliziert. Standard-Zubeh\u00f6r wie Kabel, Adapter und Stative sind nat\u00fcrlich immer inklusive!<\/p>\n\n\n\n<p>Ger\u00e4tebezeichnung: CLX-310<\/p>\n\n\n\n<p>Tagesmietpreis: 135,00 Euro<\/p>\n","protected":false},"excerpt":{"rendered":"<p>Miete in Wien. Verleih &#8211; Aufblasbare Leinwand. Wenn eine fixe Leinwand keine Option ist, mieten Sie eine aufblasbare Leinwand aus unserem Verleih in Wien. In wenigen Augenblicken aufgebaut, bietet diese aufblasbare Leinwand aus unserem Verleih in Wien (bei Bedarf in St. P\u00f6lten) eine ungeahnte Flexibilit\u00e4t. Mieten Sie eine aufblasbare Leinwand f\u00fcr Open Air Veranstaltungen wie &hellip; <\/p>\n<p class=\"link-more\"><a href=\"https:\/\/leinwandmieten.at\/?page_id=452\" class=\"more-link\"><span class=\"screen-reader-text\">\u201eAufblasbare Leinwand\u201c<\/span> weiterlesen<\/a><\/p>\n","protected":false},"author":1,"featured_media":0,"parent":0,"menu_order":0,"comment_status":"closed","ping_status":"closed","template":"","meta":{"_exactmetrics_skip_tracking":false,"_exactmetrics_sitenote_active":false,"_exactmetrics_sitenote_note":"","_exactmetrics_sitenote_category":0,"footnotes":""},"class_list":["post-452","page","type-page","status-publish","hentry"],"aioseo_notices":[],"_links":{"self":[{"href":"https:\/\/leinwandmieten.at\/index.php?rest_route=\/wp\/v2\/pages\/452","targetHints":{"allow":["GET"]}}],"collection":[{"href":"https:\/\/leinwandmieten.at\/index.php?rest_route=\/wp\/v2\/pages"}],"about":[{"href":"https:\/\/leinwandmieten.at\/index.php?rest_route=\/wp\/v2\/types\/page"}],"author":[{"embeddable":true,"href":"https:\/\/leinwandmieten.at\/index.php?rest_route=\/wp\/v2\/users\/1"}],"replies":[{"embeddable":true,"href":"https:\/\/leinwandmieten.at\/index.php?rest_route=%2Fwp%2Fv2%2Fcomments&post=452"}],"version-history":[{"count":5,"href":"https:\/\/leinwandmieten.at\/index.php?rest_route=\/wp\/v2\/pages\/452\/revisions"}],"predecessor-version":[{"id":464,"href":"https:\/\/leinwandmieten.at\/index.php?rest_route=\/wp\/v2\/pages\/452\/revisions\/464"}],"wp:attachment":[{"href":"https:\/\/leinwandmieten.at\/index.php?rest_route=%2Fwp%2Fv2%2Fmedia&parent=452"}],"curies":[{"name":"wp","href":"https:\/\/api.w.org\/{rel}","templated":true}]}}