{"id":239,"date":"2019-10-22T06:55:39","date_gmt":"2019-10-22T06:55:39","guid":{"rendered":"http:\/\/leinwandmieten.at\/?page_id=239"},"modified":"2019-10-22T09:46:27","modified_gmt":"2019-10-22T09:46:27","slug":"akkuboxen","status":"publish","type":"page","link":"https:\/\/leinwandmieten.at\/?page_id=239","title":{"rendered":"Akkuboxen"},"content":{"rendered":"\n<h2 class=\"wp-block-heading\">Akkuboxen Verleih in Wien. Mieten Sie Unabh\u00e4ngigkeit!<\/h2>\n\n\n\n<p>Man kann ja nicht immer an der Leine h\u00e4ngen. Und genauso soll\u00b4s auch mit den Lautsprechern aus unserem Verleih in Wien sein. Mieten Sie Unabh\u00e4ngigkeit durch Akkuboxen, die auch ohne Steckdose ordentlich Dampf machen. <\/p>\n\n\n\n<figure class=\"wp-block-image\"><img loading=\"lazy\" decoding=\"async\" width=\"750\" height=\"750\" src=\"https:\/\/leinwandmieten.at\/wp-content\/uploads\/2019\/10\/Akkubox.jpg\" alt=\"\" class=\"wp-image-329\" srcset=\"https:\/\/leinwandmieten.at\/wp-content\/uploads\/2019\/10\/Akkubox.jpg 750w, https:\/\/leinwandmieten.at\/wp-content\/uploads\/2019\/10\/Akkubox-150x150.jpg 150w, https:\/\/leinwandmieten.at\/wp-content\/uploads\/2019\/10\/Akkubox-300x300.jpg 300w, https:\/\/leinwandmieten.at\/wp-content\/uploads\/2019\/10\/Akkubox-100x100.jpg 100w\" sizes=\"auto, (max-width: 706px) 89vw, (max-width: 767px) 82vw, 740px\" \/><figcaption>Akkubox &#8211; Verleih in Wien: Unabh\u00e4ngigkeit f\u00fcr mehrere Stunden!<\/figcaption><\/figure>\n\n\n\n<p>Mit den Akkuboxen des renommierten Herstellers dB-Technologies steht Ihnen souver\u00e4ne Leistung zur Verf\u00fcgung. Und das bei absolut tragbarem Gewicht: Gerade einmal 12,5 Kilogramm bringt ein mobiler Lautsprecher auf die Waage. Und mehr wird\u00b4s nicht. Eine Akkuladung reicht ohne Weiteres f\u00fcr mehrere Stunden, auch bei gehobener Lautst\u00e4rke. Weniger gehoben der Tagesmietpreis: 48 Euro.<\/p>\n\n\n\n<h2 class=\"wp-block-heading\">Akkubox mit Bluetooth und Mikrofon mieten!<\/h2>\n\n\n\n<p>Die db-Technologies Akkubox mieten Sie mit integriertem Bluetoothempf\u00e4nger und optional auch mit passendem Funkmikrofon. Verf\u00fcgbar sind sowohl herk\u00f6mmliche Handsender, wie auch Taschensender f\u00fcr Ansteckmikrofone und Headsets. <\/p>\n\n\n\n<p>Neben Bluetooth Signalquellen oder dem Mikrofon kann der Akkubox das Signal auch herk\u00f6mmlich \u00fcber Kabelwege zugespielt werden. Nutzen Sie daf\u00fcr wahlweise die rot-wei\u00dfen Chinch Steckbuchsen oder den kombinierten Klinken- beziehungsweise XLR-Eingang!<\/p>\n\n\n\n<figure class=\"wp-block-image\"><img loading=\"lazy\" decoding=\"async\" width=\"768\" height=\"512\" src=\"https:\/\/leinwandmieten.at\/wp-content\/uploads\/2019\/10\/AkkuboxTop-768x512.jpg\" alt=\"\" class=\"wp-image-331\" srcset=\"https:\/\/leinwandmieten.at\/wp-content\/uploads\/2019\/10\/AkkuboxTop-768x512.jpg 768w, https:\/\/leinwandmieten.at\/wp-content\/uploads\/2019\/10\/AkkuboxTop-768x512-300x200.jpg 300w\" sizes=\"auto, (max-width: 767px) 89vw, (max-width: 1000px) 54vw, (max-width: 1071px) 543px, 580px\" \/><figcaption>Akkubox mit eingebautem Signalmixer mieten! In unserem Verleih in Wien bereits ab 48 Euro.<\/figcaption><\/figure>\n\n\n\n<h2 class=\"wp-block-heading\">Akkubox mieten? Hier:<\/h2>\n\n\n\n<p>Ger\u00e4tebezeichnung: Akkubox dB-T<\/p>\n\n\n\n<p><em>Tagesmietpreis: 48,00 Euro<br><\/em><\/p>\n\n\n\n<p><a href=\"https:\/\/leinwandmieten.at\/?page_id=9\" target=\"_blank\" rel=\"noreferrer noopener\">Kontaktieren Sie uns!<\/a><\/p>\n","protected":false},"excerpt":{"rendered":"<p>Akkuboxen Verleih in Wien. Mieten Sie Unabh\u00e4ngigkeit! Man kann ja nicht immer an der Leine h\u00e4ngen. Und genauso soll\u00b4s auch mit den Lautsprechern aus unserem Verleih in Wien sein. Mieten Sie Unabh\u00e4ngigkeit durch Akkuboxen, die auch ohne Steckdose ordentlich Dampf machen. Mit den Akkuboxen des renommierten Herstellers dB-Technologies steht Ihnen souver\u00e4ne Leistung zur Verf\u00fcgung. Und &hellip; <\/p>\n<p class=\"link-more\"><a href=\"https:\/\/leinwandmieten.at\/?page_id=239\" class=\"more-link\"><span class=\"screen-reader-text\">\u201eAkkuboxen\u201c<\/span> weiterlesen<\/a><\/p>\n","protected":false},"author":1,"featured_media":0,"parent":0,"menu_order":0,"comment_status":"closed","ping_status":"closed","template":"","meta":{"_exactmetrics_skip_tracking":false,"_exactmetrics_sitenote_active":false,"_exactmetrics_sitenote_note":"","_exactmetrics_sitenote_category":0,"footnotes":""},"class_list":["post-239","page","type-page","status-publish","hentry"],"aioseo_notices":[],"_links":{"self":[{"href":"https:\/\/leinwandmieten.at\/index.php?rest_route=\/wp\/v2\/pages\/239","targetHints":{"allow":["GET"]}}],"collection":[{"href":"https:\/\/leinwandmieten.at\/index.php?rest_route=\/wp\/v2\/pages"}],"about":[{"href":"https:\/\/leinwandmieten.at\/index.php?rest_route=\/wp\/v2\/types\/page"}],"author":[{"embeddable":true,"href":"https:\/\/leinwandmieten.at\/index.php?rest_route=\/wp\/v2\/users\/1"}],"replies":[{"embeddable":true,"href":"https:\/\/leinwandmieten.at\/index.php?rest_route=%2Fwp%2Fv2%2Fcomments&post=239"}],"version-history":[{"count":2,"href":"https:\/\/leinwandmieten.at\/index.php?rest_route=\/wp\/v2\/pages\/239\/revisions"}],"predecessor-version":[{"id":332,"href":"https:\/\/leinwandmieten.at\/index.php?rest_route=\/wp\/v2\/pages\/239\/revisions\/332"}],"wp:attachment":[{"href":"https:\/\/leinwandmieten.at\/index.php?rest_route=%2Fwp%2Fv2%2Fmedia&parent=239"}],"curies":[{"name":"wp","href":"https:\/\/api.w.org\/{rel}","templated":true}]}}